{"id":845,"date":"2017-07-13T06:58:00","date_gmt":"2017-07-13T06:58:00","guid":{"rendered":"http:\/\/dummy.xtemos.com\/woodmart-elementor\/demos\/?page_id=845"},"modified":"2025-10-29T10:06:17","modified_gmt":"2025-10-29T10:06:17","slug":"agencia","status":"publish","type":"page","link":"https:\/\/www.simonasesores.es\/index.php\/agencia\/","title":{"rendered":"AGENCIA"},"content":{"rendered":"\t\t<div data-elementor-type=\"wp-page\" data-elementor-id=\"845\" class=\"elementor elementor-845\">\n\t\t\t\t\t\t<section class=\"elementor-section elementor-top-section elementor-element elementor-element-70512c7d elementor-section-boxed elementor-section-height-default elementor-section-height-default wd-section-disabled\" data-id=\"70512c7d\" data-element_type=\"section\" data-e-type=\"section\">\n\t\t\t\t\t\t<div class=\"elementor-container elementor-column-gap-default\">\n\t\t\t\t\t<div class=\"elementor-column elementor-col-100 elementor-top-column elementor-element elementor-element-7a10fe68\" data-id=\"7a10fe68\" data-element_type=\"column\" data-e-type=\"column\">\n\t\t\t<div class=\"elementor-widget-wrap elementor-element-populated\">\n\t\t\t\t\t\t<div class=\"elementor-element elementor-element-2cdee0d3 color-scheme-inherit text-left elementor-widget elementor-widget-text-editor\" data-id=\"2cdee0d3\" data-element_type=\"widget\" data-e-type=\"widget\" data-widget_type=\"text-editor.default\">\n\t\t\t\t<div class=\"elementor-widget-container\">\n\t\t\t\t\t\t\t\t\t<h4>OFICINA ZARAGOZA<\/h4><p>Sim\u00f3n Asesores, agencia exclusiva AXA, liderada por Pilar Sim\u00f3n.<\/p><p>Gerente con m\u00e1s de 30 a\u00f1os de experiencia en el sector asegurador, hemos sido art\u00edfices y part\u00edcipes en la mediaci\u00f3n de seguros de familias, empresas y patrimonios; generando tranquilidad aseguradora siendo el enlace entre nuestros clientes y la compa\u00f1\u00eda.<\/p>\t\t\t\t\t\t\t\t<\/div>\n\t\t\t\t<\/div>\n\t\t\t\t<div class=\"elementor-element elementor-element-4cda37c elementor-widget elementor-widget-video\" data-id=\"4cda37c\" data-element_type=\"widget\" data-e-type=\"widget\" data-settings=\"{&quot;youtube_url&quot;:&quot;https:\\\/\\\/youtu.be\\\/frlgcWsNFcs&quot;,&quot;video_type&quot;:&quot;youtube&quot;,&quot;controls&quot;:&quot;yes&quot;}\" data-widget_type=\"video.default\">\n\t\t\t\t<div class=\"elementor-widget-container\">\n\t\t\t\t\t\t\t<div class=\"elementor-wrapper elementor-open-inline\">\n\t\t\t<div class=\"elementor-video\"><\/div>\t\t<\/div>\n\t\t\t\t\t\t<\/div>\n\t\t\t\t<\/div>\n\t\t\t\t<div class=\"elementor-element elementor-element-e5d82c0 color-scheme-inherit text-left elementor-widget elementor-widget-text-editor\" data-id=\"e5d82c0\" data-element_type=\"widget\" data-e-type=\"widget\" data-widget_type=\"text-editor.default\">\n\t\t\t\t<div class=\"elementor-widget-container\">\n\t\t\t\t\t\t\t\t\t<p>Me gustar\u00eda transmitir mi inter\u00e9s en que formen parte de nuestro colectivo de clientes, de aquellos que conf\u00edan en los servicios profesionales que nuestra Asesor\u00eda ofrece, para que, a trav\u00e9s de nuestra mediaci\u00f3n, pueda encontrar la tranquilidad aseguradora que siempre ha deseado, as\u00ed como una relaci\u00f3n de complicidad entre agencia y cliente que siempre defender\u00e1 sus intereses, present\u00e1ndole una perspectiva diferente.<\/p><p>Nuestro partner AXA nos ense\u00f1a a ser competitivos todos los d\u00edas, con un objetivo claro, la mejora continua.<\/p><p>Sim\u00f3n Asesores SL es un reflejo de mi persona.<\/p><p>Cada d\u00eda en mi pensamiento est\u00e1 el poder hacer m\u00e1s y mejor.<\/p><p>Quiero seguir distingui\u00e9ndome por una fuerte identidad, porque esto genera confiabilidad y prestigio, diferenci\u00e1ndome como marca personal.<\/p><p>Queremos influir, ser sus asesores, ser parte de su decisi\u00f3n.<\/p><p>El equipo que lidero est\u00e1 conformado por cinco profesionales competentes especializados en las distintas l\u00edneas de negocio. Contamos con una formaci\u00f3n continua para poder facilitarle el asesoramiento actualizado que en cada momento de su vida necesite.<\/p><p>\u00a0<\/p>\t\t\t\t\t\t\t\t<\/div>\n\t\t\t\t<\/div>\n\t\t\t\t<div class=\"elementor-element elementor-element-e46d185 color-scheme-inherit text-left elementor-widget elementor-widget-text-editor\" data-id=\"e46d185\" data-element_type=\"widget\" data-e-type=\"widget\" data-widget_type=\"text-editor.default\">\n\t\t\t\t<div class=\"elementor-widget-container\">\n\t\t\t\t\t\t\t\t\t<p>\u00a0<\/p><p><strong>Quedo a su disposici\u00f3n, esperando ser a partir de ahora, parte influyente de su futuro. <\/strong><strong>\u00a1Le espero!<\/strong><\/p><p>PUEDE CONTACTARNOS EN:<\/p><h4 class=\"info-box-title box-title-style-default\" data-elementor-setting-key=\"title\">ZARAGOZA<\/h4><p>C\/ Alberto Duce, 14<br \/>50018 Zaragoza<\/p><p><strong>Tel\u00e9fono:<\/strong> 976 74 22 26<br \/><strong>Email:<\/strong> agencia@simonasesores.es<\/p>\t\t\t\t\t\t\t\t<\/div>\n\t\t\t\t<\/div>\n\t\t\t\t<div class=\"elementor-element elementor-element-93196af elementor-widget-divider--view-line elementor-widget elementor-widget-divider\" data-id=\"93196af\" data-element_type=\"widget\" data-e-type=\"widget\" data-widget_type=\"divider.default\">\n\t\t\t\t<div class=\"elementor-widget-container\">\n\t\t\t\t\t\t\t<div class=\"elementor-divider\">\n\t\t\t<span class=\"elementor-divider-separator\">\n\t\t\t\t\t\t<\/span>\n\t\t<\/div>\n\t\t\t\t\t\t<\/div>\n\t\t\t\t<\/div>\n\t\t\t\t<div class=\"elementor-element elementor-element-e6e97c6 color-scheme-inherit text-left elementor-widget elementor-widget-text-editor\" data-id=\"e6e97c6\" data-element_type=\"widget\" data-e-type=\"widget\" data-widget_type=\"text-editor.default\">\n\t\t\t\t<div class=\"elementor-widget-container\">\n\t\t\t\t\t\t\t\t\t<h4>OFICINA MAELLA<\/h4><p>Desde el a\u00f1o 1995 nos dedicamos al asesoramiento tanto Laboral como Fiscal. Cuento en mi equipo con dos colaboradoras Sara y Lidia.Adem\u00e1s como parte de nuestro compromiso con nuestros clientes le recomendamos la contrataci\u00f3n de seguros con la Agencia Exclusiva Sim\u00f3n Asesores AXA.<\/p><p>Pod\u00e9is consultar y contratar vuestras necesidades aseguradoras con el Equipo Sim\u00f3n Asesores expertos en seguros e inversiones desde 1989.<\/p><p>Encontrar\u00e1s asesoramiento: Protecci\u00f3n Patrimonial, Personal junto con la planificaci\u00f3n de tu jubilaci\u00f3n.<\/p><p>Nuestra asesor\u00eda les avisar\u00e1 para que puedas concertar una entrevista personalizada en donde ellos analizar\u00e1n tu situaci\u00f3n actual proponi\u00e9ndote un traje a medida mejorando garant\u00edas y primas. Todo ello como compromiso y en deferencia a los clientes de Asesor\u00eda de Marisa Tarrago.<\/p><p>PUEDE CONTACTARNOS EN:<\/p><h4 class=\"info-box-title box-title-style-default\" data-elementor-setting-key=\"title\">MAELLA<\/h4><p>Avenida Pablo Gargallo 6, ecalera 1 &#8211; bajo 1.<br \/>50.710 Maella (Zaragoza)<\/p><p><strong>Tel\u00e9fono:<\/strong> 976 638 769<br \/><strong>Email:<\/strong> marisa@asesoriamarisatarrago.es<\/p><p><a title=\"tarrago 1\" href=\"https:\/\/www.simonasesores.es\/wp-content\/uploads\/2021\/05\/tarrago-1.jpg\" data-width=\"800\" data-height=\"768\" data-index=\"1\" data-elementor-open-lightbox=\"no\"><br \/><img decoding=\"async\" class=\"alignleft\" src=\"https:\/\/www.simonasesores.es\/wp-content\/uploads\/elementor\/thumbs\/tarrago-1-p6yhniw0f3kg6933mc2608npfxz1um7fz8cqum5cta.jpg\" \/>\u00a0 \u00a0 \u00a0<img decoding=\"async\" src=\"https:\/\/www.simonasesores.es\/wp-content\/uploads\/elementor\/thumbs\/tarrago-2-p6yhnmnd6fplgoxn0dooa7pjthgipemdbqyorpzs4e.jpg\" \/><br \/><\/a>\u00a0<a title=\"tarrago 2\" href=\"https:\/\/www.simonasesores.es\/wp-content\/uploads\/2021\/05\/tarrago-2.jpg\" data-width=\"768\" data-height=\"1024\" data-index=\"2\" data-elementor-open-lightbox=\"no\"><br \/><\/a><br \/><a title=\"tarrago\u0301 3\" href=\"https:\/\/www.simonasesores.es\/wp-content\/uploads\/2021\/05\/tarrago\u0301-3.jpg\" data-width=\"768\" data-height=\"1024\" data-index=\"3\" data-elementor-open-lightbox=\"no\"><img decoding=\"async\" src=\"https:\/\/www.simonasesores.es\/wp-content\/uploads\/elementor\/thumbs\/tarrago\u0301-3-p6yhnpgvqxtgfitjjwwjzozxln2mchxkc4x57jvllq.jpg\" \/> \u00a0 \u00a0 \u00a0 \u00a0 \u00a0 \u00a0 \u00a0<\/a><a title=\"tarrago\u0301 4\" href=\"https:\/\/www.simonasesores.es\/wp-content\/uploads\/2021\/05\/tarrago\u0301-4.jpg\" data-width=\"768\" data-height=\"1024\" data-index=\"4\" data-elementor-open-lightbox=\"no\"><img decoding=\"async\" src=\"https:\/\/www.simonasesores.es\/wp-content\/uploads\/elementor\/thumbs\/tarrago\u0301-4-p6yhnrck4lw12qqt8xpt4oiusetcrw510e8463st9a.jpg\" \/><br \/><\/a><br \/><a title=\"_OSE5194\" href=\"https:\/\/www.simonasesores.es\/wp-content\/uploads\/2021\/10\/OSE5194.jpg\" data-width=\"1202\" data-height=\"801\" data-index=\"4\" data-elementor-open-lightbox=\"no\"><br \/><\/a><\/p><p>\u00a0<\/p>\t\t\t\t\t\t\t\t<\/div>\n\t\t\t\t<\/div>\n\t\t\t\t\t<\/div>\n\t\t<\/div>\n\t\t\t\t\t<\/div>\n\t\t<\/section>\n\t\t\t\t<\/div>\n\t\t","protected":false},"excerpt":{"rendered":"<p>OFICINA ZARAGOZA Sim\u00f3n Asesores, agencia exclusiva AXA, liderada por Pilar Sim\u00f3n. Gerente con m\u00e1s de 30 a\u00f1os de experiencia en<\/p>\n","protected":false},"author":1,"featured_media":0,"parent":0,"menu_order":0,"comment_status":"closed","ping_status":"closed","template":"","meta":{"_monsterinsights_skip_tracking":false,"_monsterinsights_sitenote_active":false,"_monsterinsights_sitenote_note":"","_monsterinsights_sitenote_category":0,"footnotes":""},"class_list":["post-845","page","type-page","status-publish","hentry"],"aioseo_notices":[],"yoast_head":"<!-- This site is optimized with the Yoast SEO plugin v27.3 - https:\/\/yoast.com\/product\/yoast-seo-wordpress\/ -->\n<title>AGENCIA - Sim\u00f3n Asesores<\/title>\n<meta name=\"robots\" content=\"index, follow, max-snippet:-1, max-image-preview:large, max-video-preview:-1\" \/>\n<link rel=\"canonical\" href=\"https:\/\/www.simonasesores.es\/index.php\/agencia\/\" \/>\n<meta property=\"og:locale\" content=\"es_ES\" \/>\n<meta property=\"og:type\" content=\"article\" \/>\n<meta property=\"og:title\" content=\"AGENCIA - Sim\u00f3n Asesores\" \/>\n<meta property=\"og:description\" content=\"OFICINA ZARAGOZA Sim\u00f3n Asesores, agencia exclusiva AXA, liderada por Pilar Sim\u00f3n. Gerente con m\u00e1s de 30 a\u00f1os de experiencia en\" \/>\n<meta property=\"og:url\" content=\"https:\/\/www.simonasesores.es\/index.php\/agencia\/\" \/>\n<meta property=\"og:site_name\" content=\"Sim\u00f3n Asesores\" \/>\n<meta property=\"article:modified_time\" content=\"2025-10-29T10:06:17+00:00\" \/>\n<meta property=\"og:image\" content=\"https:\/\/www.simonasesores.es\/wp-content\/uploads\/elementor\/thumbs\/tarrago-1-p6yhniw0f3kg6933mc2608npfxz1um7fz8cqum5cta.jpg\" \/>\n<meta name=\"twitter:card\" content=\"summary_large_image\" \/>\n<meta name=\"twitter:label1\" content=\"Tiempo de lectura\" \/>\n\t<meta name=\"twitter:data1\" content=\"3 minutos\" \/>\n<script type=\"application\/ld+json\" class=\"yoast-schema-graph\">{\"@context\":\"https:\\\/\\\/schema.org\",\"@graph\":[{\"@type\":\"WebPage\",\"@id\":\"https:\\\/\\\/www.simonasesores.es\\\/index.php\\\/agencia\\\/\",\"url\":\"https:\\\/\\\/www.simonasesores.es\\\/index.php\\\/agencia\\\/\",\"name\":\"AGENCIA - Sim\u00f3n Asesores\",\"isPartOf\":{\"@id\":\"https:\\\/\\\/www.simonasesores.es\\\/#website\"},\"primaryImageOfPage\":{\"@id\":\"https:\\\/\\\/www.simonasesores.es\\\/index.php\\\/agencia\\\/#primaryimage\"},\"image\":{\"@id\":\"https:\\\/\\\/www.simonasesores.es\\\/index.php\\\/agencia\\\/#primaryimage\"},\"thumbnailUrl\":\"https:\\\/\\\/www.simonasesores.es\\\/wp-content\\\/uploads\\\/elementor\\\/thumbs\\\/tarrago-1-p6yhniw0f3kg6933mc2608npfxz1um7fz8cqum5cta.jpg\",\"datePublished\":\"2017-07-13T06:58:00+00:00\",\"dateModified\":\"2025-10-29T10:06:17+00:00\",\"breadcrumb\":{\"@id\":\"https:\\\/\\\/www.simonasesores.es\\\/index.php\\\/agencia\\\/#breadcrumb\"},\"inLanguage\":\"es\",\"potentialAction\":[{\"@type\":\"ReadAction\",\"target\":[\"https:\\\/\\\/www.simonasesores.es\\\/index.php\\\/agencia\\\/\"]}]},{\"@type\":\"ImageObject\",\"inLanguage\":\"es\",\"@id\":\"https:\\\/\\\/www.simonasesores.es\\\/index.php\\\/agencia\\\/#primaryimage\",\"url\":\"https:\\\/\\\/www.simonasesores.es\\\/wp-content\\\/uploads\\\/elementor\\\/thumbs\\\/tarrago-1-p6yhniw0f3kg6933mc2608npfxz1um7fz8cqum5cta.jpg\",\"contentUrl\":\"https:\\\/\\\/www.simonasesores.es\\\/wp-content\\\/uploads\\\/elementor\\\/thumbs\\\/tarrago-1-p6yhniw0f3kg6933mc2608npfxz1um7fz8cqum5cta.jpg\"},{\"@type\":\"BreadcrumbList\",\"@id\":\"https:\\\/\\\/www.simonasesores.es\\\/index.php\\\/agencia\\\/#breadcrumb\",\"itemListElement\":[{\"@type\":\"ListItem\",\"position\":1,\"name\":\"Home\",\"item\":\"https:\\\/\\\/www.simonasesores.es\\\/\"},{\"@type\":\"ListItem\",\"position\":2,\"name\":\"AGENCIA\"}]},{\"@type\":\"WebSite\",\"@id\":\"https:\\\/\\\/www.simonasesores.es\\\/#website\",\"url\":\"https:\\\/\\\/www.simonasesores.es\\\/\",\"name\":\"Sim\u00f3n Asesores\",\"description\":\"Asesores de seguros\",\"potentialAction\":[{\"@type\":\"SearchAction\",\"target\":{\"@type\":\"EntryPoint\",\"urlTemplate\":\"https:\\\/\\\/www.simonasesores.es\\\/?s={search_term_string}\"},\"query-input\":{\"@type\":\"PropertyValueSpecification\",\"valueRequired\":true,\"valueName\":\"search_term_string\"}}],\"inLanguage\":\"es\"}]}<\/script>\n<!-- \/ Yoast SEO plugin. -->","yoast_head_json":{"title":"AGENCIA - Sim\u00f3n Asesores","robots":{"index":"index","follow":"follow","max-snippet":"max-snippet:-1","max-image-preview":"max-image-preview:large","max-video-preview":"max-video-preview:-1"},"canonical":"https:\/\/www.simonasesores.es\/index.php\/agencia\/","og_locale":"es_ES","og_type":"article","og_title":"AGENCIA - Sim\u00f3n Asesores","og_description":"OFICINA ZARAGOZA Sim\u00f3n Asesores, agencia exclusiva AXA, liderada por Pilar Sim\u00f3n. Gerente con m\u00e1s de 30 a\u00f1os de experiencia en","og_url":"https:\/\/www.simonasesores.es\/index.php\/agencia\/","og_site_name":"Sim\u00f3n Asesores","article_modified_time":"2025-10-29T10:06:17+00:00","og_image":[{"url":"https:\/\/www.simonasesores.es\/wp-content\/uploads\/elementor\/thumbs\/tarrago-1-p6yhniw0f3kg6933mc2608npfxz1um7fz8cqum5cta.jpg","type":"","width":"","height":""}],"twitter_card":"summary_large_image","twitter_misc":{"Tiempo de lectura":"3 minutos"},"schema":{"@context":"https:\/\/schema.org","@graph":[{"@type":"WebPage","@id":"https:\/\/www.simonasesores.es\/index.php\/agencia\/","url":"https:\/\/www.simonasesores.es\/index.php\/agencia\/","name":"AGENCIA - Sim\u00f3n Asesores","isPartOf":{"@id":"https:\/\/www.simonasesores.es\/#website"},"primaryImageOfPage":{"@id":"https:\/\/www.simonasesores.es\/index.php\/agencia\/#primaryimage"},"image":{"@id":"https:\/\/www.simonasesores.es\/index.php\/agencia\/#primaryimage"},"thumbnailUrl":"https:\/\/www.simonasesores.es\/wp-content\/uploads\/elementor\/thumbs\/tarrago-1-p6yhniw0f3kg6933mc2608npfxz1um7fz8cqum5cta.jpg","datePublished":"2017-07-13T06:58:00+00:00","dateModified":"2025-10-29T10:06:17+00:00","breadcrumb":{"@id":"https:\/\/www.simonasesores.es\/index.php\/agencia\/#breadcrumb"},"inLanguage":"es","potentialAction":[{"@type":"ReadAction","target":["https:\/\/www.simonasesores.es\/index.php\/agencia\/"]}]},{"@type":"ImageObject","inLanguage":"es","@id":"https:\/\/www.simonasesores.es\/index.php\/agencia\/#primaryimage","url":"https:\/\/www.simonasesores.es\/wp-content\/uploads\/elementor\/thumbs\/tarrago-1-p6yhniw0f3kg6933mc2608npfxz1um7fz8cqum5cta.jpg","contentUrl":"https:\/\/www.simonasesores.es\/wp-content\/uploads\/elementor\/thumbs\/tarrago-1-p6yhniw0f3kg6933mc2608npfxz1um7fz8cqum5cta.jpg"},{"@type":"BreadcrumbList","@id":"https:\/\/www.simonasesores.es\/index.php\/agencia\/#breadcrumb","itemListElement":[{"@type":"ListItem","position":1,"name":"Home","item":"https:\/\/www.simonasesores.es\/"},{"@type":"ListItem","position":2,"name":"AGENCIA"}]},{"@type":"WebSite","@id":"https:\/\/www.simonasesores.es\/#website","url":"https:\/\/www.simonasesores.es\/","name":"Sim\u00f3n Asesores","description":"Asesores de seguros","potentialAction":[{"@type":"SearchAction","target":{"@type":"EntryPoint","urlTemplate":"https:\/\/www.simonasesores.es\/?s={search_term_string}"},"query-input":{"@type":"PropertyValueSpecification","valueRequired":true,"valueName":"search_term_string"}}],"inLanguage":"es"}]}},"_links":{"self":[{"href":"https:\/\/www.simonasesores.es\/index.php\/wp-json\/wp\/v2\/pages\/845","targetHints":{"allow":["GET"]}}],"collection":[{"href":"https:\/\/www.simonasesores.es\/index.php\/wp-json\/wp\/v2\/pages"}],"about":[{"href":"https:\/\/www.simonasesores.es\/index.php\/wp-json\/wp\/v2\/types\/page"}],"author":[{"embeddable":true,"href":"https:\/\/www.simonasesores.es\/index.php\/wp-json\/wp\/v2\/users\/1"}],"replies":[{"embeddable":true,"href":"https:\/\/www.simonasesores.es\/index.php\/wp-json\/wp\/v2\/comments?post=845"}],"version-history":[{"count":94,"href":"https:\/\/www.simonasesores.es\/index.php\/wp-json\/wp\/v2\/pages\/845\/revisions"}],"predecessor-version":[{"id":10563,"href":"https:\/\/www.simonasesores.es\/index.php\/wp-json\/wp\/v2\/pages\/845\/revisions\/10563"}],"wp:attachment":[{"href":"https:\/\/www.simonasesores.es\/index.php\/wp-json\/wp\/v2\/media?parent=845"}],"curies":[{"name":"wp","href":"https:\/\/api.w.org\/{rel}","templated":true}]}}